5)
-1
What is (-5 - 1) + 3 + 3?
0
Evaluate -4 - -5 - 2 - -4.
3
Evaluate (1 - (-2 - 1 - -1)) + -8.
-5
What is -6 + 4 - (1 + -2 + -6)?
5
What is -1 + -4 + 3 + -1?
-3
6 + (3 - 8) + (-5 - -4)
0
What is 2 - (-3 + 4 + -5 + 6)?
0
What is -8 + 0 + 2 + 13?
7
Evaluate (-9 + 1 - -5) + 7.
4
(41 - 49) + -2 + 2
-8
What is 5 + (2 - 0 - 6)?
1
What is the value of 4 - -1 - (9 + 1)?
-5
What is 20 + -15 - (2 - 0)?
3
What is the value of (-1 + 1 - -4) + 2 + -10?
-4
Calculate 14 - 11 - (-6 - -15).
-6
Calculate 1 + -3 - -4 - 7.
-5
Evaluate 8 - (1 + (-4 + 9 - 2)).
4
Evaluate (-24 - -12) + 14 + 2.
4
Evaluate 10 - (0 + 2) - 3.
5
What is -1 + 0 - (-36 + 39)?
-4
Calculate (-1 - -4) + 3 + -2 + -5.
-1
What is 1 + (-5 - (1 + -4 + -4))?
3
Calculate 2 - ((1 - 3) + 1).
3
What is the value of (5 + -2 - 6) + (-1 - 1)?
-5
Calculate 0 - ((-7 - -6) + 0).
1
-7 + 3 - -2 - 1
-3
-1 + -5 + (7 - 1) + -3
-3
Calculate 5 - ((5 - 1) + 0).
1
-8 + 2 + -12 + 4 - -8
-6
6 + -2 + (1 - 4) + 1
2
What is (-4 - -1) + -22 + 22?
-3
What is the value of 1 + 6 + (-7 - -5) - 1?
4
What is the value of 1 - (1 + 2 - 1)?
-1
What is 6 + -3 + 4 + -4 + 1?
4
What is the value of (-80 - -92) + (0 - (5 - -2))?
5
Evaluate (1 - 10 - -7) + 1.
-1
What is 0 + -2 + (0 + 0 - 0)?
-2
Calculate -1 + 5 + (-3 - -2).
3
What is the value of -3 + (-2 - -2) + 2 + 1?
0
Evaluate -1 + ((-6 - -4) + 4 - -4).
5
Evaluate (8 + 1 - 14) + 4.
-1
Calculate (6 - 5) + 5 + -12.
-6
1 + -3 - -8 - (167 - 163)
2
What is 9 + -6 + -4 + -2?
-3
Evaluate -1 + 0 + 11 + -7.
3
(1 - (11 - 7)) + (0 - 1)
-4
What is the value of -4 + (-9 - -9) + (6 - 1)?
1
(5 - 8) + 4 + 0
1
What is the value of -1 + 6 + -2 - 5?
-2
0 - (-5 + 2 - (1 + 0))
4
Calculate 7 - (10 + (9 - (-1 + 6))).
-7
Evaluate -11 - -9 - (2 + 1).
-5
3 + 4 + -5 - (12 + -10)
0
0 + 11 - 8 - (1 - -2)
0
Calculate 1 - (-4 - -11) - -12.
6
What is 9 + (1 - 7) - 8?
-5
Calculate 0 + 3 - (-3 - (-1 + -3)).
2
What is (-1 - -4) + (-23 + 20 - -4)?
4
Calculate -6 + 1 - (-12 + 4).
3
Calculate 1 + -2 - (-7 + 1).
5
What is -9 + 5 + 5 + (-3 - 2)?
-4
Calculate (0 - 3) + (3 - 2 - -2).
0
-2 - (2 + (-5 - -1))
0
What is the value of (4 - (11 - 6)) + -2?
-3
Calculate (-3 - -8) + -1 + -2.
2
(-2 - (-8 + 5) - 13) + 7
-5
What is the value of (4 - 8 - -2) + 3?
1
What is -1 + (-1 + 9 - 7) + -4?
-4
Evaluate 4 + (3 + -5 - (1 + 0)).
1
What is 0 + -3 + 5 + -1 + 3?
4
5 + (-16 - -6) + 10
5
Calculate 1 + -5 + (3 - (6 - 8)).
1
What is the value of 6 + (3 + -3 - 3)?
3
Calculate (-7 + 4 - -6) + -1.
2
What is the value of (20 - (-3 + 10)) + -8 + 5?
10
Evaluate 5 - (16 + -16 - (-8 - -2)).
-1
What is (-6 - -2) + 2 - (-1 + 1)?
-2
What is the value of -11 - (1 - (-5 - -8))?
-9
What is -9 - (-8 + 5 + -13)?
7
Evaluate (5 - 3) + -14 + 19.
7
What is 1 - 2 - 2 - (3 + -3)?
-3
Evaluate 7 + (5 - 9) + -8.
-5
What is the value of 9 - (-3 - (-3 + -7))?
2
1 - (-2 - -1) - 4
-2
Evaluate (-4 - 0) + 211 + -214.
-7
Evaluate 5 - (-2 - (2 - 4)).
5
0 - (3 - (3 - (1 - 2)))
1
What is -6 - (-2 + 2 + (6 - 14))?
2
Evaluate 9 - (2 - -3 - 0).
4
3 - ((3 - -14) + -8)
-6
-2 + 5 + 9 + -7
5
Calculate (-12 - -6) + 11 + -3.
2
What is (4 - 5) + (3 - -3) + -5?
0
What is the value of 9 - 13 - (2 + -8 + 1)?
1
Evaluate (2 - 2) + (38 - 43).
-5
Evaluate -2 - (3 - (5 + 5 - 1)).
4
Calculate -1 + 3 + (0 + 0 - 1).
1
What is -4 - (-5 - -2 - (-6 - -3))?
-4
What is the value of 8 + -4 + -6 + -2?
-4
Evaluate 6 + (2 - 4) + -4.
0
What is the value of -2 + (0 - (5 - 2))?
-5
(9 - 6 - 0) + 0
3
Evaluate -4 + 3 - (0 - -2).
-3
Calculate (5 - -3) + -3 - -1.
6
-4 + -2 + 5 + -1 + -1
-3
What is 2 - (-11 - (-24 - 0))?
-11
What is 4 - (11 - 12) - (0 + 0)?
5
Calculate -2 - (-3 - -10) - -4.
-5
What is the value of -9 + (-9 - -9 - -11)?
2
(-1 - -6) + -5 + 0 + 1
1
1 + -5 + 0 - (20 - 22)
-2
14 + (-14 - (-13 - -2))
11
What is 6 - ((9 - 0) + -8)?
5
4 + (5 - (4 - -3))
2
What is the value of -4 - ((6 - 4) + -8 - -2)?
0
What is -3 - 0 - (1 - 3 - 2)?
1
What is -12 + -2 + 9 + -2?
-7
-4 - -1 - (-4 + 4)
-3
What is the value of (5 - 8) + (-4 - -3) + 3?
-1
What is the value of -14 + (10 - -8) + -10?
-6
Calculate (22 - (16 + -4)) + (-3 - 2).
5
Evaluate -7 - (0 + -5 + (-3 - -5)).
-4
7 + 4 + -8 + -5 + 4
2
Calculate -1 - (-1 - -2) - (-6 + 1).
3
Evaluate 10 + -1 + -2 + -10.
-3
Evaluate 4 + 0 - ((5 - 6) + 1).
4
Evaluate 0 - (3 - -1) - (-54 - -55).
-5
What is the value of 3 + (-1 - 1) - (-69 - -61)?
9
What is the value of (0 - 3) + (74 - 72)?
-1
0 - (-7 + 8 + -1)
0
What is the value of 4 + (-8 - -3) + -3?
-4
Calculate -10 + 7 + -3 + (1 - 0).
-5
What is (1 - -5 - 8) + 2 + 2?
2
What is the value of 3 - ((3 - -2) + 3 + -5)?
0
What is (5 - 0) + (1 - (2 + 2))?
2
Evaluate (-2 - -4) + (-1 + -3 - 3).
-5
What is 2 - (7 + -4) - 1?
-2
What is the value of -2 + (-9 - -11) + 1 + -5?
-4
Calculate 0 - ((1 - -1) + (-5 - -3)).
0
-4 + 3 + -4 + -1 + 1
-5
Calculate (0 - (2 - -1)) + 0 + 0.
-3
Evaluate (5 - (-3 + 7)) + 0.
1
What is (0 + 2 - (-2 + 3)) + 2?
3
Evaluate 3 - (-2 + 0 - 2 - -4).
3
(2 + (-7 - 1) - -4) + 0
-2
What is 3 - 3 - (12 + -15 + 4)?
-1
What is the value of 7 + (4 - 8) - (1 - -2)?
0
Evaluate -6 - (0 + 0) - (1 - 4).
-3
Evaluate 11 + -11 - (-1 + 6) - -4.
-1
What is the value of -16 - -20 - (0 + 5 - -3)?
-4
What is -1 - (-4 - (-1 - 3))?
-1
What is the value of (-13 - -14) + 7 + -12?
-4
What is the value of -6 - -2 - (-6 + 1 + -2)?
3
Calculate (-3 - (-3 - 3)) + -6.
-3
Evaluate 8 + -11 + 1 + -7 + 5.
-4
-7 - (6 + -9) - -2
-2
What is 2 + -4 + (1 - -3) + -3?
-1
Evaluate 12 + -1 - 1 - (286 - 282).
6
14 - (2 + 10 + -5 + 0)
7
Calculate 6 - (-5 + -5 + 11).
5
Evaluate 20 + -19 + (0 - 3).
-2
Calculate 1 - (-2 - (3 + -9 - -3)).
0
Evaluate -3 - (4 - (4 + -2)).
-5
(-1 - (1 + 1)) + -2 + 2
-3
What is -7 + (6 - (-2 + (7 - 2)))?
-4
-9 - (5 + -1 + -11)
-2
What is 5 - (32 - 30 - (-3 + -2))?
-2
(-7 - -13) + -5 - (-4 + -1)
6
-3 + 8 + 5 + -9
1
(316 - 313) + (-7 - 0) + 1
-3
-5 + 7 + -3 - (-2 - 4)
5
What is the value of (6 - -1) + (-12 - (-6 + -2))?
3
-5 - (-5 + 4 - 4)
0
What is -18 + 15 - (0 - (0 - -6))?
3
-2 + 8 + -4 + 6
8
Evaluate 15 + -21 + 4 + 3.
1
(1 + 1 - (9 - 10)) + -5
-2
Evaluate 12 - (11 + 2 + -4).
3
-2 - ((-4 - -11) + -12)
3
What is the value of 1 - (5 + -6 + 1)?
1
What is the value of 14 - 13 - (-3 - 0) - 7?
-3
Calculate (0 - (-10 - -7)) + -4 + 2.
1
Calculate -1 + -1 + -5 + 3 + 2.
-2
What is (-8 - (-3 - 0)) + 6 + -5?
-4
Evaluate 1 - ((8 - 5) + -2).
0
Calculate -6 - (-3 + (-8 - (6 + -8))).
3
Evaluate (-9 - (2 + -9)) + 9.
7
What is the value of -3 - 2 - (-3 - (-13 + 20))?
5
What is 7 + -3 - ((-2 - -3) + 2)?
1
0 - ((-10 - -2) + 2 + 2)
4
Evaluate 0 + -3 + 2 + -2.
-3
What is -5 - ((9 - 1) + -5 - 6)?
-2
Evaluate (14 - 5) + 4 + -16.
-3
Calculate 7 + (-2 - (-2 + (0 - -4))).
3
What is the value of 5 - (8 - 13 - (0 - 4))?
6
-3 - -5 - 4 - (1 + 1)
-4
What is 6 + (-3 - -4) + -3 + -2?
2
Calculate (14 - 13) + (2 - 8).
-5
What is -1 + 1 - (-36 - -36)?
0
7 - (-1 + 2 - -5)
1
Calculate -6 + -1 + 6 - 5.
-6
What is 1 + -6 - -1 - -2?
-2
-6 - (2 + 3 + -2) - -5
-4
What is the value of -9 - (-5 + -1) - (-1 - 0)?
-2
Evaluate (12 - (1 - -1)) + 3 + -6.
7
Calculate 4 - (0 - 1) - (3 + -1).
3
-14 + 14 - (1 + 4)
-5
Evaluate 9 - (1 + 0 - -3).
5
Evaluate 0 + 3 + (-1 - (-5 - -3)).
4
5 + -3 + 6 - 8
0
10 - (5 - (2 + -3))
4
Calculate (-8 - -6) + 0 - 0.
-2
Evaluate 1 + 5 + (4 - 6) - 0.
4
Calculate 1 - 0 - (-171 + 174).
-2
-1 + 2 + (-1 - 0) + 0
0
Evaluate -8 - (0 + 3 + 1 + -10).
-2
(0 - -1) + -2 - (0 + -3)
2
Evaluate -1 + 7 - (0 - (11 - 15)).
2
Calculate 2 + 1 + -7 + 8.
4
What is -13 - -13 - (3 - -1)?
-4
What is the value of 0 - ((1 - (1 - 1)) + 3)?
-4
What is the value of (1 - 5) + (4 + -5 - -11)?
6
Evaluate 10 - (-1 - -3) - (13 + -13).
8
Evaluate (-1 - 2 - -1) + (3 - -2).
3
What is the value of 2 + (-2 + 0 - 0 - -4)?
4
What is the value of 3 - (3 + 0 - -1)?
-1
Evaluate -2 + -7 + (1 - -3).
-5
Calculate -8 - (-1 + -3 - 1).
-3
Calculate (-2 - (-6 + 4 + -4)) + -9.
-5
Calculate 1 + (5 - (0 + 6 + -3)).
3
Evaluate 7 + -2 + -2 + 2.
5
What is the value of (-1 - (-9 + 4)) + (1 - 3)?
2
Calculate 56 + -59 - (1 + -2 - -3).
-5
-1 - (6 - 4) - -7
4
What is 2 - (-12 - -10) - 5?
-1
Evaluate 1 - ((1 - (-6 - -3)) + -2).
-1
Calculate 3 + (6 - 22) + 7.
-6
Calculate 7 - (2 - 3 - -4 - -3).
1
Calculate -5 + (7 - ((-3 - -5) + 1)).
-1
Evaluate 1 + -3 - (-1 - (5 + -1)).
3
What is the value of 13 + -15 + (-6 - -1)?